 6) to base 15.
-966e
Convert 25328 (base 10) to base 8.
61360
-5886 (base 11) to base 13
-3688
-2692 (base 12) to base 10
-4430
What is 6507 (base 8) in base 6?
23423
4641 (base 10) to base 15
1596
What is -100110000 (base 2) in base 7?
-613
Convert -1786 (base 12) to base 10.
-2838
-1234412 (base 5) to base 11
-17333
Convert 30422 (base 5) to base 9.
2647
Convert 1010001011011 (base 2) to base 16.
145b
What is -100100000011101 (base 2) in base 5?
-1042321
-5a26 (base 12) to base 8
-23576
206324 (base 7) to base 4
20233331
Convert -3263 (base 12) to base 8.
-12653
What is -2186 (base 14) in base 10?
-5802
What is -11213 (base 4) in base 14?
-1b9
What is -1610 (base 8) in base 5?
-12104
What is 111332 (base 4) in base 6?
10302
What is 100232312 (base 4) in base 2?
10000101110110110
Convert 406 (base 14) to base 5.
11130
-a1a7 (base 14) to base 12
-140b3
What is 789 (base 12) in base 2?
10001011001
What is 11130 (base 6) in base 13?
936
What is 112222 (base 4) in base 5?
21300
What is -478 (base 13) in base 14?
-3d5
What is -308 (base 12) in base 10?
-440
Convert 57 (base 9) to base 8.
64
-b (base 13) to base 5
-21
Convert 113534 (base 7) to base 9.
31115
1007 (base 16) to base 12
245b
Convert 1551 (base 6) to base 8.
653
2140 (base 14) to base 16
166c
Convert -6526 (base 8) to base 13.
-1728
What is -14072 (base 11) in base 13?
-917b
Convert -31012 (base 9) to base 11.
-14387
Convert -bc9 (base 13) to base 9.
-2688
-549 (base 10) to base 4
-20211
What is 1441 (base 7) in base 16?
238
1b79 (base 14) to base 13
2382
Convert -4011 (base 6) to base 9.
-1167
Convert -12101 (base 5) to base 8.
-1605
Convert 2204010 (base 5) to base 6.
451541
Convert -3843 (base 9) to base 10.
-2874
What is 1a3 (base 12) in base 2?
100001011
What is 1322101 (base 4) in base 10?
7825
897 (base 10) to base 6
4053
52 (base 9) to base 8
57
-28018 (base 9) to base 7
-106211
Convert -133525 (base 6) to base 15.
-3a8e
Convert -30777 (base 12) to base 4.
-33131023
-1317 (base 10) to base 16
-525
Convert -116403 (base 8) to base 6.
-510031
What is 131145 (base 6) in base 11?
8a7a
What is -118a8 (base 12) in base 2?
-101110011000000
1568 (base 14) to base 3
12020100
Convert 1ad (base 14) to base 5.
2344
Convert 520 (base 15) to base 4.
102003
What is 3954 (base 10) in base 9?
5373
What is 507a (base 11) in base 13?
30b8
Convert 1002122120 (base 3) to base 10.
21615
What is 388 (base 12) in base 15?
25b
-1633 (base 7) to base 2
-1010010101
24937 (base 11) to base 8
105627
What is 113503 (base 6) in base 10?
9903
What is -10105 (base 9) in base 7?
-25244
What is -27027 (base 8) in base 2?
-10111000010111
Convert 11020312 (base 4) to base 3.
1001212111
Convert 232 (base 6) to base 7.
161
117 (base 9) to base 6
241
Convert -171214 (base 8) to base 12.
-2bb24
What is -38716 (base 9) in base 10?
-26097
-4383 (base 10) to base 5
-120013
Convert 420 (base 9) to base 8.
526
What is -64321 (base 7) in base 5?
-1002230
Convert 202 (base 9) to base 4.
2210
674 (base 9) to base 11
463
What is -151443 (base 8) in base 2?
-1101001100100011
Convert f10 (base 16) to base 15.
1221
-21 (base 7) to base 16
-f
cf (base 16) to base 13
12c
Convert 3430 (base 7) to base 13.
74b
Convert 333232 (base 4) to base 15.
131d
What is -8449 (base 13) in base 3?
-221010021
13228 (base 11) to base 7
106056
What is -340 (base 8) in base 16?
-e0
Convert -31002 (base 5) to base 10.
-2002
Convert 2000002100 (base 3) to base 10.
39429
Convert -1201434 (base 5) to base 10.
-22119
-540 (base 7) to base 13
-180
Convert 3002232 (base 4) to base 13.
5898
What is -11942 (base 15) in base 10?
-56087
Convert -40442 (base 5) to base 14.
-d54
What is 111101111 (base 2) in base 10?
495
1101101100 (base 2) to base 14
468
What is -100000110010 (base 2) in base 16?
-832
Convert -11381 (base 14) to base 2.
-1010001110000101
-1311020 (base 4) to base 15
-234b
-15d2 (base 16) to base 4
-1113102
Convert 8989 (base 10) to base 9.
13287
-120012 (base 4) to base 14
-7c2
2202200021 (base 3) to base 14
15ba7
What is -145430 (base 6) in base 10?
-14202
-1026 (base 8) to base 15
-259
Convert 1101010110001 (base 2) to base 3.
100101002
Convert -20000200 (base 3) to base 6.
-32200
Convert -1101000100011 (base 2) to base 7.
-25336
Convert 1111101000110100 (base 2) to base 16.
fa34
-c77c (base 14) to base 2
-1000011001101010
Convert -315 (base 9) to base 11.
-214
Convert 22 (base 16) to base 5.
114
-7a98 (base 13) to base 14
-63a2
-9288 (base 13) to base 2
-100111011111111
What is -504 (base 11) in base 2?
-1001100001
Convert 5a1 (base 16) to base 12.
a01
67b (base 14) to base 13
77b
-5260 (base 7) to base 8
-3477
-1625 (base 14) to base 8
-7561
What is -13dd (base 14) in base 6?
-24155
Convert 204351 (base 6) to base 4.
10002223
Convert -5010 (base 6) to base 16.
-43e
Convert -10331121 (base 4) to base 11.
-14297
412 (base 12) to base 6
2422
Convert -21853 (base 9) to base 15.
-449c
1032323 (base 4) to base 14
1bab
What is 1552 (base 7) in base 11?
519
Convert -2234 (base 6) to base 3.
-201111
What is -582a (base 14) in base 5?
-442301
100210310 (base 4) to base 16
10934
Convert 25310 (base 7) to base 3.
100011002
11100111100010 (base 2) to base 9
22284
Convert -437 (base 13) to base 4.
-23102
What is 18843 (base 9) in base 6?
140320
-211103 (base 5) to base 6
-52312
What is 11330 (base 5) in base 11?
6a4
Convert 20021121 (base 3) to base 16.
11e3
Convert 14222 (base 5) to base 11.
98a
-210202 (base 3) to base 5
-4322
What is -1215 (base 6) in base 5?
-2144
What is -44644 (base 10) in base 11?
-305a6
-3011 (base 4) to base 6
-525
-25c (base 16) to base 11
-4aa
Convert -7a (base 12) to base 14.
-6a
-12 (base 4) to base 10
-6
What is 34034 (base 6) in base 14?
1a50
What is -143324 (base 6) in base 13?
-6334
What is 1573 (base 8) in base 3?
1020000
100102 (base 3) to base 7
512
What is -467 (base 9) in base 12?
-281
1110001 (base 2) to base 9
135
222001 (base 3) to base 5
10303
Convert -1255255 (base 6) to base 9.
-115758
Convert b58 (base 15) to base 2.
100111111110
138 (base 15) to base 14
15c
Convert -12331 (base 4) to base 7.
-1204
What is -928 (base 10) in base 11?
-774
What is d80b (base 14) in base 7?
213414
249c (base 14) to base 10
6410
What is 41 (base 13) in base 16?
35
-1001101111 (base 2) to base 3
-212002
-1403 (base 5) to base 2
-11100100
-540 (base 12) to base 9
-1043
-27 (base 15) to base 6
-101
1100101111001111 (base 2) to base 3
2122120102
What is -111130 (base 5) in base 16?
-f4b
310013 (base 4) to base 10
3335
What is 6025 (base 9) in base 4?
1010231
Convert 303214 (base 6) to base 16.
5dfa
What is 2d2 (base 16) in base 11?
5a7
What is -1110110001 (base 2) in base 14?
-4b7
-1101000001011 (base 2) to base 7
-25303
Convert -200101010 (base 3) to base 4.
-3101103
Convert 3446 (base 15) to base 9.
16183
What is 2326 (base 11) in base 12?
1925
31432 (base 7) to base 11
591a
-1086 (base 9) to base 13
-4a1
3988 (base 12) to base 10
6584
What is 12002000 (base 3) in base 8?
7163
6175 (base 11) to base 2
1111111111101
What is 1310323 (base 4) in base 12?
43b7
Convert -171 (base 16) to base 13.
-225
What is 1010101 (base 3) in base 12?
584
Convert 1120121000 (base 3) to base 12.
15b76
1499 (base 13) to base 10
2999
Convert -5c6 (base 14) to base 7.
-3236
Convert 22237 (base 8) to base 6.
111223
Convert -647 (base 8) to base 6.
-1543
-21a2 (base 13) to base 6
-33423
Convert -9661 (base 11) to base 16.
-31e4
What is 500 (base 15) in base 8?
2145
-23320301 (base 4) to base 9
-73708
What is -2b6 (base 13) in base 12?
-347
200101 (base 3) to base 4
13300
Convert -41100 (base 6) to base 14.
-1da4
What is -2dc4 (base 14) in base 11?
-6192
653 (base 12) to base 7
2463
Convert -21033 (base 4) to base 8.
-1117
-80971 (base 10) to base 9
-133057
What is -1100000010 (base 2) in base 13?
-473
Convert e67 (base 15) to base 16.
caf
Convert -1ba18 (base 13) to base 12.
-27607
Convert 10230220 (base 4) to base 12.
b174
Convert 1789 (base 10) to base 14.
91b
What is -1331302 (base 4) in base 10?
-8050
-17c1 (base 14) to base 2
-1000010111101
Convert 47e (base 16) to base 3.
1120121
What is 83c9 (base 14) in base 4?
11202331
What is 3401344 (base 5) in base 3?
10000202101
-10100100010110 (base 2) to base 5
-314033
What is 719 (base 12) in base 3?
11